ppose 0 = 2*v + 4*t + 74, -t + 1 = 6. Let f = 115 + v. What is the units digit of (-2)/4*-1*f?
4
Suppose -3*s = -4*g - 41, -5*s = -0*g - 4*g - 31. Let z(v) = -8*v - 18. What is the tens digit of z(g)?
9
Suppose 4 = -n + 2*l, 3*n = 5*n + 2*l + 8. Let j(a) = -3*a + 2. Let m be j(n). Suppose 86 = 4*w - m. What is the units digit of w?
5
What is the tens digit of 2 - -5 - 20010/(-58)?
5
Let z(t) = t**3 - 20*t**2 + 24*t + 117. What is the tens digit of z(23)?
5
Let n(d) = -22*d + 778. What is the hundreds digit of n(0)?
7
Let y = 29 - 25. Suppose y*b - 196 = -5*q, -3*q + b - 45 = -149. What is the units digit of q?
6
Suppose 0 = -8*d + 15*d - 5299. Let i = -470 + d. What is the hundreds digit of i?
2
Let r = 2005 - 806. What is the hundreds digit of r?
1
Suppose 1684 = 4*y + g, -77*y + 79*y - 4*g - 860 = 0. What is the units digit of y?
2
Let y = 4099 - 2803. What is the hundreds digit of y?
2
Let o(z) = z. Let k(x) = 6*x - 2. Let g(m) = -k(m) + 12*o(m). Let a be g(-2). Let w = 63 + a. What is the units digit of w?
3
Suppose -37 = z + 3*d, -5*d - 15 = 2*z + 54. Let c(a) = -13*a + 21. What is the tens digit of c(z)?
0
Suppose 5*l + 1286 = 3336. What is the units digit of l?
0
Suppose -2*z - 2436 = -4*x - 0*z, x - 600 = -4*z. What is the hundreds digit of x?
6
Let g(a) be the second derivative of a**4/12 + 5*a**3/6 - a**2/2 - 2*a. Suppose -54*s + 59*s = -45. What is the units digit of g(s)?
5
Let t(b) = -78*b - 77. What is the hundreds digit of t(-13)?
9
Suppose -4*l + 97 = -67. Suppose g = -l + 158. What is the tens digit of g?
1
Let j = -95 + 98. What is the hundreds digit of (1 - -226)*j*6/18?
2
Suppose 30385 - 2755 = 9*v. What is the units digit of v?
0
Let g(d) = 0*d + 4*d + 14 - 3*d. Let q be g(-10). Suppose q*h + 3*a - 20 = 0, 5*h + 5*a - 2*a - 22 = 0. What is the units digit of h?
2
Suppose -3*l = 121 - 850. Let f = -135 + l. What is the hundreds digit of f?
1
Let s be (14/(-7))/(2/15). Let t = s + 16. What is the units digit of t?
1
Let c(r) = 3*r - 25. Let m(u) = u**2 + 4*u + 5. Let b be m(-6). Let t be c(b). Suppose p - 54 = -3*p + 5*k, p + 5*k = t. What is the tens digit of p?
1
Suppose -4*m + 4*t + 1992 = 0, -4*t + 3*t - 994 = -2*m. What is the tens digit of m?
9
Suppose u - 92 = 3*r, 5*r - 2*r = -u - 100. Let b = r + 278. What is the units digit of b?
6
Let l(i) = -i + 7*i - 6*i**3 + 8*i**3 + 7*i**2 - i**3. Let j be l(-6). Suppose -5*a + 27 + 93 = j. What is the tens digit of a?
2
Suppose 2*o + 0*o = -4*i + 122, 2*o + 5*i = 120. Suppose o + 151 = 3*d. What is the units digit of d?
2
Let v(q) = -2*q**2 - 6*q + 5. Let d(i) = -i**2 - i - 1. Let x(s) = d(s) - v(s). Suppose 456*b - 461*b = -25. What is the tens digit of x(b)?
4
What is the hundreds digit of (-186)/124 - 1954/(-4)?
4
Suppose 0 = -9*p + 3*p + 30. Suppose -235 = -p*v + 5*k, -3*v - 2*v = -3*k - 243. Suppose 3*x = 3*s - v, s = -3*s - 4*x + 68. What is the units digit of s?
7
Let s(w) = -12*w. Let l be s(3). Let n be (2/(-4))/(9/l). Suppose -n*q = 5*o - 147, 3*o + 8*q - 3*q - 92 = 0. What is the tens digit of o?
2
Let t(x) be the first derivative of 3*x - 5/2*x**2 + 8/3*x**3 + 5 - 1/4*x**4. What is the units digit of t(7)?
7
Let g = 29 - 26. Let k = g - 1. Suppose -h + 3 = -k. What is the units digit of h?
5
Let a(t) = 4*t**2 - 3*t + 1. Let m(c) = -c - 14. Let h be m(-18). What is the tens digit of a(h)?
5
Let g = -24 - -25. What is the units digit of g/((-2)/(-58)*1)?
9
Let r be (-107 + -2 - 2)*-1. Let k = 195 - r. What is the units digit of k?
4
Suppose 0 = -10*g + 21*g - 5830. What is the units digit of g?
0
Let c be (-4 - -5)/(2/4). Suppose g + c = 3. Suppose 0 = l - 1 - g, -2*z = 5*l - 44. What is the units digit of z?
7
Suppose -n + 1344 = 2*n. What is the units digit of n?
8
Let h = 641 - 53. What is the units digit of h?
8
Let d = 24 - 23. Let g(u) = 0 + 2*u**2 - 3 - 1 + d. What is the units digit of g(5)?
7
Let r = -960 + 475. Let a = -324 - r. What is the hundreds digit of a?
1
Let b be (388/(-10))/(70/(-175)). Suppose 7*r = b + 1058. What is the units digit of r?
5
Let z(n) = n**3 + 5*n**2 - n - 5. Let d be z(-5). Suppose 3*q = -5*k - q + 775, d = 4*q. What is the units digit of k?
5
Let l be 0/(0 + (4 - 1)). Suppose l = -6*b + 24 + 42. What is the units digit of b?
1
Let n = 127 + -125. Suppose n*w - 446 = -5*z, 0*z = -4*z. What is the hundreds digit of w?
2
Let a be (-11)/((-264)/20)*30. Suppose -3*k + 0*g = g + 12, 0 = k - 5*g - 12. What is the units digit of 3 + k + a + 2?
7
Suppose -2*c + 3*r + 576 = -r, -874 = -3*c + r. What is the tens digit of c?
9
Let y(x) = x + x**2 + 5*x**2 + 0*x**2 + 2 + 6*x**2. Let q be y(-4). What is the tens digit of q/16 - (-1)/8?
1
Suppose 0 = -2*t - 2*j + 282, 2*t + 7*j - 297 = 2*j. Suppose -3*z - d + t = 0, 4*d = -0 + 16. What is the units digit of z?
4
Let q(j) = j**3 - 5*j**2 + j + 9. Let t be q(4). What is the units digit of ((-99)/1)/(0 - 1) - t?
2
Let t = 25 + -32. Let p(k) = -8*k + 1. Let i be p(-2). Let x = t + i. What is the units digit of x?
0
What is the units digit of -46*(-7 - 3) - (1 - 5)?
4
Let o = 34 + -29. Suppose -o*i - 15 = 0, -y - i = -6*i - 17. Suppose -w + 38 = -3*t, -4*w + 181 = -y*t + 49. What is the units digit of w?
2
Suppose 4*o = -o - 70. What is the units digit of -2*(-4)/((-2)/o + 0)?
6
Let c(b) = b**2 - b + 3. Suppose 0 = 3*z - 4*a - 8, -4*a + 3 - 11 = 4*z. Let w be c(z). What is the units digit of (7/(-3))/(w/(-9))?
7
Let y(q) = q**2 - 3*q + 4. Let d be y(2). Suppose -c = d*c + 5*t - 55, -59 = -3*c - 4*t. Suppose 0 = w - 0*w - c. What is the units digit of w?
5
Suppose -5*x = -x - 2*h - 10, 0 = -5*x - h + 23. Suppose 52 + x = -y. What is the tens digit of -1 - 0 - y/4?
1
Suppose 0 = -2*b - 4*r + 36, -4*b - 5*r + r + 72 = 0. Let z = b + 9. What is the tens digit of z?
2
Suppose 5*s - 74 = 4*j - 29, 0 = 5*s - 3*j - 40. Suppose -2*i - 3*t - 18 = i, -30 = s*i - 5*t. What is the units digit of 3 + i/(-6 - -3)?
5
Suppose -2*h - 12 + 2 = 0, -136 = -3*r - h. Suppose 3*c + 148 = -r. Let f = c - -99. What is the tens digit of f?
3
Let a be (1287/2)/((-2)/4). Let l = a - -765. What is the tens digit of 2/3*l/(-12)?
2
Let h be -69*(5/3 - 2). Let j = 106 - h. What is the units digit of j?
3
Suppose 13 + 7 = 2*t. Suppose -2*p - 2*p - 27 = 5*s, 2*s = p + t. What is the tens digit of p*((-2 - -2) + -2)?
1
Let f be (-9)/(-15) - 22/(-5). Suppose -4*n + 33 - f = -4*v, -5*n + v + 15 = 0. Suppose -5*t = -n*a - t + 18, -4*t - 12 = 0. What is the units digit of a?
3
Let c be (-4 - -4)/3 + 0. Suppose -3*r = 2*k - 161, -r - 2 + 5 = c. What is the units digit of k?
6
Let n(x) = x**3 + 5*x**2 - 3. Let d be n(-5). Let l be 2 - (3 - 3)/d. Suppose l*f - 72 = -f. What is the tens digit of f?
2
Let n(l) = l**2 + 2*l + 6. Let c(a) = -4 - 4*a**2 + 3*a**2 - 1. Let o be c(0). What is the tens digit of n(o)?
2
Let y = 7 + -5. Let f = -3 - -2. What is the tens digit of (f + y)*(6 - -11)?
1
Suppose 20 = 5*b - 9*b. Let u = b + 118. What is the hundreds digit of u?
1
Let b = 1059 - 1. What is the units digit of b?
8
Let u(s) = s**2 + 6*s + 8. Let k be u(-6). Let a(r) = r - 4. Let b be a(k). Suppose b*j - 47 = 81. What is the units digit of j?
2
Suppose 0 = 2*m - 5*b - 144, 4*m - 5*b = -4*b + 270. Let p(k) = k**2 + k. Let z be p(0). Suppose -3*n - 28 + m = z. What is the tens digit of n?
1
Let v(t) = -t**2 + 15*t + 2. Let c be v(15). Let g be -15 - 7/(28/(-16)). What is the tens digit of g*c/6*-3?
1
Suppose 0*b + 30 = -2*b. Suppose -3*a - 9 + 27 = 0. What is the tens digit of 112/(-20)*b/a?
1
Let o = 15 + -11. Suppose 0 = -l + o*l - 60. Let t = l - 10. What is the tens digit of t?
1
Suppose 3*n = -v + 5, 3*n = 5*v - 32 + 7. Suppose n = -z + 3. Suppose -3*a + f = -90, -z*a + f = 2*a - 148. What is the units digit of a?
9
Let p = -2 - 23. Let g = -1 + p. Let k = 64 + g. What is the tens digit of k?
3
Suppose -28896 = 16*y - 30*y. What is the thousands digit of y?
2
Let d(m) = -m - 11. Suppose 0 = j - 3*j - s - 32, 0 = 5*s + 20. Let y be d(j). Suppose -y*l - 154 = -4*f, 3*l + 59 = 3*f - 55. What is the tens digit of f?
4
Let j = 248 + -381. Let x = -78 - j. What is the tens digit of x?
5
Let f be 27/2 - 14/(-28). Let i = f - 11. Suppose 2*c - 4*c = -4*z - 34, -i*c = -4*z - 47. What is the tens digit of c?
1
Let h(z) = -224*z**3 + 3*z**2 + 2*z.